ten thousands digit of 84853?
8
What is the units digit of 160630?
0
What is the hundreds digit of 1010?
0
What is the thousands digit of 3514?
3
What is the hundreds digit of 7977?
9
What is the tens digit of 2460?
6
What is the ten thousands digit of 117602?
1
What is the units digit of 49187?
7
What is the thousands digit of 4533?
4
What is the units digit of 1108?
8
What is the hundreds digit of 32138?
1
What is the ten thousands digit of 31265?
3
What is the units digit of 544?
4
What is the tens digit of 15691?
9
What is the tens digit of 5509?
0
What is the tens digit of 379?
7
What is the hundreds digit of 21856?
8
What is the hundreds digit of 1183?
1
What is the tens digit of 1278?
7
What is the hundreds digit of 47716?
7
What is the hundreds digit of 268?
2
What is the tens digit of 547?
4
What is the thousands digit of 9180?
9
What is the units digit of 2494?
4
What is the tens digit of 28746?
4
What is the units digit of 3288?
8
What is the hundreds digit of 5056?
0
What is the hundreds digit of 178?
1
What is the tens digit of 35300?
0
What is the tens digit of 29194?
9
What is the tens digit of 6158?
5
What is the units digit of 1461?
1
What is the thousands digit of 15354?
5
What is the units digit of 4999?
9
What is the thousands digit of 11982?
1
What is the tens digit of 2305?
0
What is the hundreds digit of 16648?
6
What is the thousands digit of 81201?
1
What is the units digit of 768?
8
What is the units digit of 102209?
9
What is the units digit of 96444?
4
What is the hundreds digit of 698?
6
What is the tens digit of 2941?
4
What is the tens digit of 2378?
7
What is the tens digit of 14408?
0
What is the tens digit of 771?
7
What is the thousands digit of 2393?
2
What is the thousands digit of 4966?
4
What is the tens digit of 4035?
3
What is the hundreds digit of 14375?
3
What is the hundreds digit of 19896?
8
What is the thousands digit of 1290?
1
What is the units digit of 36758?
8
What is the units digit of 1647?
7
What is the thousands digit of 13525?
3
What is the thousands digit of 15139?
5
What is the units digit of 19186?
6
What is the ten thousands digit of 18466?
1
What is the hundreds digit of 6713?
7
What is the hundreds digit of 17158?
1
What is the thousands digit of 36041?
6
What is the tens digit of 2893?
9
What is the thousands digit of 8318?
8
What is the tens digit of 243?
4
What is the ten thousands digit of 31250?
3
What is the hundreds digit of 191328?
3
What is the hundreds digit of 419?
4
What is the thousands digit of 3029?
3
What is the tens digit of 4535?
3
What is the units digit of 24733?
3
What is the thousands digit of 28089?
8
What is the hundreds digit of 2248?
2
What is the tens digit of 1218?
1
What is the hundreds digit of 42268?
2
What is the units digit of 7670?
0
What is the hundreds digit of 24541?
5
What is the units digit of 3030?
0
What is the units digit of 15?
5
What is the units digit of 416?
6
What is the thousands digit of 1929?
1
What is the hundreds digit of 26108?
1
What is the thousands digit of 57731?
7
What is the units digit of 15935?
5
What is the thousands digit of 31104?
1
What is the tens digit of 6767?
6
What is the ten thousands digit of 18132?
1
What is the tens digit of 5944?
4
What is the ten thousands digit of 23196?
2
What is the units digit of 5508?
8
What is the hundreds digit of 6659?
6
What is the units digit of 4048?
8
What is the units digit of 498?
8
What is the tens digit of 1907?
0
What is the tens digit of 1443?
4
What is the units digit of 76306?
6
What is the hundreds digit of 29288?
2
What is the thousands digit of 75156?
5
What is the tens digit of 327?
2
What is the hundreds digit of 13638?
6
What is the units digit of 1342?
2
What is the hundreds digit of 1039?
0
What is the units digit of 595?
5
What is the units digit of 2357?
7
What is the hundreds digit of 5029?
0
What is the units digit of 552?
2
What is the tens digit of 6592?
9
What is the units digit of 1582?
2
What is the tens digit of 46850?
5
What is the tens digit of 11000?
0
What is the units digit of 706?
6
What is the ten thousands digit of 151081?
5
What is the thousands digit of 11743?
1
What is the tens digit of 11063?
6
What is the tens digit of 4121?
2
What is the hundreds digit of 1756?
7
What is the units digit of 30729?
9
What is the ten thousands digit of 84207?
8
What is the tens digit of 703?
0
What is the units digit of 1190?
0
What is the hundreds digit of 6149?
1
What is the hundreds digit of 58146?
1
What is the tens digit of 3529?
2
What is the tens digit of 2202?
0
What is the tens digit of 2099?
9
What is the tens digit of 288?
8
What is the tens digit of 5143?
4
What is the units digit of 7043?
3
What is the units digit of 23557?
7
What is the thousands digit of 13616?
3
What is the hundreds digit of 1319?
3
What is the hundreds digit of 15075?
0
What is the thousands digit of 44332?
4
What is the thousands digit of 3164?
3
What is the tens digit of 25606?
0
What is the hundreds digit of 5873?
8
What is the ten thousands digit of 10607?
1
What is the hundreds digit of 361?
3
What is the tens digit of 21307?
0
What is the tens digit of 6568?
6
What is the tens digit of 16356?
5
What is the tens digit of 2111?
1
What is the units digit of 3983?
3
What is the tens digit of 14157?
5
What is the tens digit of 467?
6
What is the hundreds digit of 93515?
5
What is the hundreds digit of 132097?
0
What is the thousands digit of 2427?
2
What is the thousands digit of 1604?
1
What is the hundreds digit of 1593?
5
What is the thousands digit of 20612?
0
What is the ten thousands digit of 32954?
3
What is the units digit of 1474?
4
What is the units digit of 59?
9
What is the hundreds digit of 430?
4
What is the hundred thousands digit of 121024?
1
What is the hundreds digit of 1087?
0
What is the hundreds digit of 48345?
3
What is the hundreds digit of 50318?
3
What is the hundreds digit of 1113?
1
What is the units digit of 261?
1
What is the tens digit of 71232?
3
What is the tens digit of 3624?
2
What is the units digit of 841?
1
What is the thousands digit of 6233?
6
What is the units digit of 11562?
2
What is the units digit of 917?
7
What is the thousands digit of 1700?
1
What is the thousands digit of 19226?
9
What is the thousands digit of 4155?
4
What is the tens digit of 17924?
2
What is the tens digit of 1509?
0
What is the tens digit of 13760?
6
What is the tens digit of 1167?
6
What is the tens digit of 597?
9
What is the hundreds digit of 204?
2
What is the units digit of 1557?
7
What is the thousands digit of 7744?
7
What is the units digit of 6769?
9
What is the units digit of 1400?
0
What is the thousands digit of 9694?
9
What is the units digit of 301?
1
What is the thousands digit of 2330?
2
What is the tens digit of 975?
7
What is the ten thousands digit of 84259?
8
What is the hundreds digit of 135?
1
What is the hundreds digit of 4572?
5
What is the ten thousands digit of 74968?
7
What is the units digit of 4285?
5
What is the units digit of 468?
8
What is the units digit of 51394?
4
What is the units digit of 5445?
5
What is the hundreds digit of 7365?
3
What is the tens digit of 9170?
7
What is the ten thousands digit of 15649?
1
What is the thousands digit of 1243?
1
What is the units digit of 100352?
2
What is the hundreds digit of 9532?
5
What is the tens digit of 13214?
1
What is the hundreds digit of 1014?
0
What is the units digit of 449?
9
What is the tens digit of 1186?
8
What is the tens digit of 25554?
5
What is the units digit of 413?
3
What is the thousands digit of 1068?
1
What is the hundreds digit of 284?
2
What is the units digit of 142?
2
What is the tens digit of 20674?
7
What is the tens digit of 2293?
9
What is the hundreds digit of 2388?
3
What is the tens digit of 6078?
7
What is the units digit of 3879?
9
What is the thousands digit of 1230?
1
What is the units digit of 2986?
6
What is the units digit of 9394?
4
What is the thousands digit of 4548?
4
What is the ten thousands digit of 27483?
2
What is the units digit of 6878?
8
What is the hundreds digit of 1887?
8
What is the ten thousands digit of 51594?
5
What is the thousands digit of 2196?
2
What is the hundreds digit of 71187?
1
What is the ten thousands digi